of 27 and g.
27
Let j(v) = 5*v**2 - 502*v - 2506. Let w be j(-5). Calculate the highest common divisor of 7955 and w.
43
Suppose 4*w = 4*n - 12, -5*w + 3*n - 5 = 10. Let p be 0/(1 + w) - (-91 + 0). Let m be (-26)/p - 177/(-7). Calculate the greatest common divisor of m and 25.
25
Suppose -4*i = -8*w + 140, 46 = 3*w - 4*i + 1. Calculate the greatest common factor of w and 1653.
19
Suppose 8 = d + 4*t - 7*t, -20 = 4*t. Let o be (d/7)/(-1) - 0. Calculate the highest common divisor of o and 26.
1
Let i(o) be the first derivative of 257*o**4/2 + 5*o**3/3 + o**2/2 + 51. Let f be i(1). Calculate the highest common factor of f and 65.
65
Suppose -25*i = 30*i - 2*i - 9540. Calculate the greatest common factor of i and 726.
6
Suppose -9*g = -43*g + 17000. Let l = g - -105. Calculate the greatest common divisor of 11 and l.
11
Let l be 6*(-2)/(-4*(4 - 6))*-8. Suppose 3*y = -64 - 137. Let t = 115 + y. Calculate the greatest common divisor of l and t.
12
Let h(a) = 3*a + 2. Let o be h(2). Suppose -o*q + 1188 = -4*q. Let f(c) = 41*c**2 - 437*c + 975. Let j be f(3). What is the greatest common divisor of q and j?
33
Let s be (31 - 9)*(-3)/(-3). Suppose -b - 5*y - 23 = -5*b, 4*y + s = 5*b. Let h be (b/16*-10)/(1/(-12)). Calculate the greatest common divisor of 195 and h.
15
Let a(t) = 2*t**2 - 18. Let l be a(3). Suppose -3*j - c + 716 = -6*c, j - 5*c - 222 = l. Calculate the highest common divisor of j and 13.
13
Let g(w) = 2*w - 56. Let j be g(-7). Let a = 187 + -101. Let u = j + a. What is the greatest common divisor of u and 24?
8
Let j(d) = -295*d - 3239. Let k be j(-11). Let q = 150 - 54. What is the highest common divisor of q and k?
6
Suppose -92 = -2*l + 80. Let a be (-2)/(-3) - (-1 - l/6). Suppose -220 + 28 = -4*w. What is the greatest common divisor of a and w?
16
Suppose 2*y + z = 385, -4*y + z = -7*y + 574. What is the greatest common factor of y and 1197?
63
Suppose 658 = 3*d + 5*z, -4*d + 717 = -4*z - 235. What is the greatest common divisor of d and 2002?
77
Suppose 7*v = 56, 4030 = 5*k - 49*v + 44*v. What is the greatest common factor of k and 370?
74
Suppose 3*v + 174 = 4*u, 89*u + 170 = 93*u - 5*v. Suppose 0 = -4*z + 2*z + 3*f + 54, 3*f - 108 = -4*z. What is the highest common divisor of z and u?
9
Suppose -48*s = -47*s - 70. Suppose k - 3*r - 14 = 0, 3*k = 4*k - r - 14. Calculate the greatest common divisor of s and k.
14
Let x(g) = -22*g + 60. Let p be x(10). Let n = 301 + p. Calculate the highest common factor of n and 188.
47
Suppose -4*u = 4*v - 176984, 20*u - 176972 = 16*u + 2*v. Calculate the greatest common divisor of u and 36.
36
Let w(d) = -d**3 + 24*d**2 - 10*d - 176. Let x be w(23). What is the greatest common divisor of x and 451?
41
Let f(a) = -17*a - 5. Let m be f(-4). Let v be 0 + -595 + (-140)/28. Let p = v + 609. Calculate the highest common divisor of p and m.
9
Let x(q) = 13*q**2 + 14*q + 21. Let s be x(-3). What is the highest common divisor of s and 36?
12
Let a = 2612 - 2584. Suppose -258 = -5*m + 5*x + 172, -4*m - 4*x = -328. Calculate the highest common factor of a and m.
28
Let f(h) = -2*h - 3. Suppose u + 0 = -6. Let i(d) = -d**3 - 7*d**2 - 7*d - 10. Let z be i(u). Let w be f(z). What is the highest common divisor of w and 10?
5
Suppose -3*s - 9 = 0, 17*b + s - 111 = 14*b. Suppose -12*r + b = -10. Calculate the greatest common divisor of r and 12.
4
Suppose -131496 = -6*i + 5*f - 9*f, -43799 = -2*i - 5*f. Calculate the highest common divisor of i and 194.
194
Let z(j) = -j**3 - 27*j**2 - 28*j - 45. Let x be (4/(-3) + 3 + 7)*-3. Let v be z(x). Calculate the greatest common factor of 21 and v.
7
Let o(s) = 3*s**2 - 117*s + 4192. Let j be o(35). What is the greatest common factor of 368 and j?
92
Let t(y) = y**3 - 4*y**2 - 28*y + 162. Let u be t(9). Calculate the greatest common factor of u and 1197.
63
Let l(t) = 5*t**2 - 3*t - 1. Suppose 47*j - 41*j = 12. Let g be l(j). Calculate the greatest common divisor of g and 117.
13
Suppose 190*x - 7112 = 678. Suppose 4*t - 3485 = -t. What is the greatest common factor of t and x?
41
Let h(d) = -121*d + 140. Let u be h(-23). Suppose -17*r - 917 = -u. Calculate the greatest common factor of r and 59.
59
Suppose 639*f - 636*f = 2*j - 157, -2*j = 5*f - 165. Suppose -v + 2 = -0, 3*m = 2*v + 68. What is the greatest common factor of j and m?
8
Let j be ((64/12)/8)/(2/(-273)). Let q be j/26*(-1 - 11). What is the highest common divisor of q and 28?
14
Suppose 6*o + 36 = 7*o. Suppose -53 = -5*f + z, 332 = -f - z + 351. Calculate the highest common factor of o and f.
12
Let f = -6 - -8. Let j be (f/3)/(4/30). Suppose -4*g + 6147*w + 228 = 6148*w, -3*g + 141 = -3*w. What is the highest common factor of g and j?
5
Let x(h) = 2*h - 1. Let b be x(3). Suppose -b*z - 6 + 11 = 0. Let v be (6 - z)*(-5 - -12). What is the highest common divisor of v and 35?
35
Suppose -19 - 59 = -13*t. Let l(h) = -h**2 - 14*h + 9. Let q be l(-15). Let m(g) = -g. Let f be m(q). Calculate the greatest common factor of f and t.
6
Suppose 186 + 790 = 8*j. Suppose q = c - j, -5*c + 9*q - 6*q + 608 = 0. Calculate the highest common factor of c and 22.
11
Let u = -3115 + 3280. Let b = -88 + 133. Calculate the highest common factor of b and u.
15
Let j(m) = 27 + 7 + 7 - 27*m. Let n be j(-10). Let s = 577 - n. What is the greatest common factor of 14 and s?
14
Suppose -s - 2*d - 38 + 0 = 0, 4*s + 3*d = -137. Let h = -34 - s. Let u(l) = -10*l - 2. Let t be u(h). What is the highest common factor of t and 45?
9
Let s(c) = -9*c + 9. Let t be s(-8). Let v(d) = -d**2 + 7*d + 76. Let x be v(0). Let m = 85 - x. Calculate the greatest common divisor of t and m.
9
Let c = 2069 + -515. Calculate the highest common factor of c and 42.
42
Let x = 1074 + -1062. What is the highest common divisor of 219 and x?
3
Suppose -44*l + 2365 + 1727 = 80*l. Calculate the highest common factor of l and 288.
3
Let l(u) = 5*u + 31. Let y be l(13). Let m(d) = 2*d + 1 - 7 + 100*d**2 - y*d**2. Let x be m(2). What is the highest common factor of x and 238?
14
Let f(c) = 92 - 71 + 45 - 69*c + 92. Let u be f(-6). Calculate the highest common divisor of 11 and u.
11
Let q(j) = 137*j - 5597. Let u be q(41). What is the highest common divisor of 8860 and u?
20
Suppose d = 3*d - 48. Let k(y) = -32*y**3 - y**2 + 2*y**2 - 3*y - 239 + 481 - 244. Let r be k(-2). What is the greatest common factor of d and r?
24
Let u(n) = -4*n - 2. Let s be u(-4). Let q = -110365 + 110372. What is the highest common factor of q and s?
7
Suppose 9*l - 2*l - 147 = 0. Suppose -5*a - l*a + 18720 = 0. Calculate the highest common factor of 45 and a.
45
Let h be ((-4248)/(-5))/4 + 15/25. Let s = h - 201. What is the highest common factor of 192 and s?
12
Let t(n) = 3*n**2 + 30*n + 99. Let y be t(-5). What is the highest common divisor of y and 1704?
24
Let a(x) = -553 - 5*x + 6*x + 595. Let i be a(-38). What is the greatest common divisor of 1 and i?
1
Suppose 3*c - 97*x + 98*x = 3805, -4*x - 8 = 0. Calculate the highest common factor of c and 72.
9
Let l(d) = -15*d**3 - d**2 + 3*d + 2. Suppose 0 = x + 1, 0*x - 2 = 4*k - 2*x. Let i be l(k). What is the greatest common divisor of i and 208?
13
Let w be 80/(-32) - 7815/10. Let t = 793 + w. Suppose 3*o - 2*o = 12. What is the highest common divisor of t and o?
3
Let c = 31755 + -8865. What is the highest common factor of 14 and c?
14
Suppose 4*v = 5*b + 308, 122 = 3*v + 3*b - 136. What is the greatest common divisor of 410 and v?
82
Suppose 0*l = -l + 204. Let q = -138 - -155. What is the highest common factor of l and q?
17
Let p(w) = 11*w**3 + 5*w**2 - 22*w + 156. Let a be p(6). What is the greatest common factor of 15 and a?
15
Let u = 227 + -154. Suppose 4*g - 874 = -s, 0 = -s + 3*s + 4. Calculate the highest common factor of u and g.
73
Suppose -9*i + 12*i - 85 = 2*g, -144 = -4*i - 5*g. Calculate the greatest common factor of i and 9517.
31
Let y be 118088/203 + (-4)/(-14). Calculate the greatest common divisor of y and 42.
6
Suppose -3*u + 0*u - 2*m = -14, 2*m - 4 = 2*u. Let z be (3 - 4)/((-1)/u). Suppose z*f = 73 + 167. What is the highest common factor of 30 and f?
30
Let b be (-1 - (-44)/5)/(1/5). Let m = -1798 - -1810. Calculate the greatest common divisor of m and b.
3
Let u(c) = 2 - 5*c - 12 - 2*c - 10. Let z be u(-